he remainder when w is divided by 37?
35
Let n = 3 + 25. Calculate the remainder when n is divided by 16.
12
Suppose -12*h = -9*h - 36. Suppose 135 = 4*u + p, -5*p + 141 = 4*u - 2*p. Calculate the remainder when u is divided by h.
9
Suppose 0 = -f + 6*f - 95. What is the remainder when 35 is divided by f?
16
Let w = 15 - -3. Calculate the remainder when w is divided by 5.
3
Let p be (25/(-5))/((-2)/18). Suppose 3*o - 24 = -3*n, 5*n - p = 2*o - 6*o. What is the remainder when 51 is divided by n?
12
Suppose 4*l + 4*v = 8, -5*l - 3*v - v = -14. Suppose 11*o - 55 = l*o. What is the remainder when 30 is divided by o?
8
Suppose 4*x = -6 - 10. Calculate the remainder when 28 is divided by x/6 - 160/(-15).
8
Let o(z) = -10*z - 3. Let a be o(-6). Suppose -3*q + t + 61 = 0, -3*t = -q + 4*q - a. Suppose 25 = 4*v - 3. What is the remainder when q is divided by v?
6
Let b = 9 + -7. Suppose 69 = n + b*n. Calculate the remainder when n is divided by 5.
3
Let n(r) = r**3 + 8*r**2 + r - 2. Let x = 1 + -1. Suppose x = 6*p - 2*p - 56. Calculate the remainder when n(-3) is divided by p.
12
Suppose -48*t = -41*t - 931. Calculate the remainder when t is divided by 34.
31
Suppose -2 = -2*h + h. Suppose 4*r + 0*r = 28. Let w(p) = p - 4. Calculate the remainder when w(r) is divided by h.
1
Suppose -4*c + 24 - 106 = -5*y, 0 = -2*y + 3*c + 30. Calculate the remainder when 48 is divided by y.
12
Calculate the remainder when (-4)/10 + 368/20 is divided by 12 + 0 - (-4 - -6).
8
Suppose 0 = 8*l - 7*l. Suppose -28 = -4*u - l*u. What is the remainder when u is divided by 2?
1
Suppose -3*f = 2*f - 10. Suppose -i + 14 = f*t, -26 = -2*i - t - t. Calculate the remainder when 715/33 + (-2)/(-6) is divided by i.
10
Suppose -2*m - 3*m = -4*f - 20, m = -5*f + 33. Let z(c) = -c - 5 + 0 + 1. Calculate the remainder when m is divided by z(-7).
2
Let v be 2/((-3)/(-332 - -2)). Suppose 0*s = -5*s + v. Calculate the remainder when s is divided by 23.
21
Let x = 110 - 76. Suppose -x = -5*g - 4*p, -p - 1 = -2. Suppose 5*t + j - 79 = 4*j, -3*t + 3*j = -45. What is the remainder when t is divided by g?
5
Let m(l) = 10*l**2 - 10*l + 7. Let j(w) = -w**2 + w - 1. Let c(z) = 18*j(z) + 2*m(z). What is the remainder when c(3) is divided by 5?
3
What is the remainder when 78 is divided by (-15)/2*-4 + -6 + 3?
24
Let m(g) = -g**3 + 5*g**2 + 5*g - 12. What is the remainder when 51 is divided by m(5)?
12
Let c(k) = -k**3 - k - 8. Let z be c(0). Calculate the remainder when 29 is divided by 118/8 - 2/z.
14
Let d = -120 - -138. Calculate the remainder when 106 is divided by d.
16
Let z = 9 + -5. Suppose 3*r - z = 2. What is the remainder when r is divided by 1?
0
Let x = 38 + 15. Let p = x + -34. What is the remainder when p is divided by 7?
5
Suppose 0 = 3*g + g - 4. Suppose 23 = -2*k - 5*p, -4*k = k - 2*p - 15. Calculate the remainder when g is divided by k.
0
Let n(j) be the second derivative of -j**3/6 + 6*j**2 - 3*j. What is the remainder when n(7) is divided by 4?
1
Let d = 54 - 40. What is the remainder when d is divided by 8?
6
Suppose 27 = y - 5*l, 0*y = -5*y + 3*l + 47. What is the remainder when 13 is divided by y?
6
Suppose 3*x - b = 259, -b + 50 + 300 = 4*x. What is the remainder when x is divided by 45?
42
Let z(k) = 6*k - 5. Let d(r) = -r + 16. Let g be d(8). What is the remainder when z(g) is divided by 15?
13
Let q = 35 + -17. Calculate the remainder when 35 is divided by q.
17
Suppose -46 = -2*a - 2. Let d(b) = -b**2 - 7*b + 6. Suppose -10*y - 6 = -9*y. Calculate the remainder when a is divided by d(y).
10
Let g(i) = -4*i + 4 + 0 - 5*i + 4*i. Let t(v) = 6*v - 5. Let x(y) = -5*g(y) - 4*t(y). What is the remainder when x(5) is divided by 2?
1
Let u = 36 + -30. Suppose 4 = 3*i - 2*i. Suppose 3*o - 3*n = -2*o + 79, 2*o + i*n = 42. What is the remainder when o is divided by u?
5
Suppose -3*g = i - 54, -3*g - 60 = -5*i + 120. Calculate the remainder when i is divided by 3*-1*(-20)/6.
9
Suppose -11 = -d + 4. What is the remainder when d is divided by -2 + -3 + 9 + 0?
3
Suppose l + 95 = 3*c, 31 + 6 = c + 5*l. Let n = c + -21. Calculate the remainder when n is divided by 4.
3
Let p(u) = u**2 - 12*u + 25. What is the remainder when p(10) is divided by 2/5 + 18/5?
1
Let c(s) = 2*s**2 + 4*s + 1. Let x be c(-5). Let d = x + -6. Calculate the remainder when d is divided by 13.
12
Let j = 14 + -10. Suppose 5*k - k + j*u = 20, -k = -5*u - 11. Calculate the remainder when k is divided by 4.
2
Let y(f) = -f**3 + f**2 - 2*f - 5. Calculate the remainder when y(-3) is divided by 8.
5
Let a be (3 - 2) + (2 - 22). Let x = a + 6. Let i = -7 - x. What is the remainder when i is divided by 4?
2
Suppose -4 = 2*f - 40. Suppose u + 0 - 52 = 0. What is the remainder when u is divided by f?
16
Suppose 3*v = 8 + 13. Suppose -4*o = -2*o - 10. Let h = v - o. What is the remainder when h is divided by 1?
0
Let j be 12/42 + (-60)/14. Suppose -5*s - 17 = -4*u + 37, 3*s + 28 = 2*u. Let q = j + u. Calculate the remainder when 19 is divided by q.
5
Let c(j) = -j**2 + 4*j + 7. What is the remainder when 6/(-2) + (4 + 2 - -2) is divided by c(5)?
1
Let k = 101 - 39. Calculate the remainder when k is divided by 32.
30
Suppose 2*q - 153 = -19. Calculate the remainder when q is divided by 15.
7
Let l(m) = 2*m - 6. Let o be l(-7). Let u = -12 - o. Suppose -4*i + 23 = -3*i. Calculate the remainder when i is divided by u.
7
Suppose 2*o - 820 = -2*c - 3*c, -2*c + 2*o = -342. What is the remainder when c is divided by 34?
30
Suppose 4*b = t + 36, 2*b - 4*b = 3*t - 32. What is the remainder when 19 is divided by b?
9
Suppose 3*w - 20 = -2*w. Let g = 3 + w. Suppose 0 = -k + 4 + 16. What is the remainder when k is divided by g?
6
Suppose -2*j - 73 = -5. Let x = -21 - j. Calculate the remainder when x is divided by 4.
1
Let v be 16/6 - (-8)/24. Suppose -3*b - v*y + 155 = -28, -b = 2*y - 64. Calculate the remainder when b is divided by 30.
28
Let a be (15/10)/((-6)/(-8)). Calculate the remainder when (-228)/9*(-3)/a is divided by 20.
18
Let x(r) = r**2 + 4*r - 3. Let q(m) = -m**2 - 3*m + 4. Let j(h) = -2*q(h) - 3*x(h). Let g = 1 - -3. Calculate the remainder when j(-3) is divided by g.
2
Suppose -4*g = -48 - 236. Let k be (-4)/10 + 162/5. Let q = -8 + k. What is the remainder when g is divided by q?
23
Let o(z) = z**3 + 3*z**2 - 2*z. Suppose -3*m + 34 = -14. Suppose -m = q - 2*q. Calculate the remainder when q is divided by o(-3).
4
Suppose 0 = 4*y + p - 79 + 19, -2*y - 4*p = -44. Calculate the remainder when 79 is divided by y.
9
Let v(z) = z**3 - 18*z**2 + 18*z - 10. What is the remainder when v(17) is divided by 2?
1
Let r = -107 + 280. Calculate the remainder when r is divided by 29.
28
Let m = 151 - 69. What is the remainder when m is divided by 17?
14
Suppose 4*q - 111 = -743. Calculate the remainder when (-4)/14 - q/14 is divided by 4.
3
Let g(p) = 7*p - 3. Let c be g(-4). Let z = 55 + c. Let h = 24 + -11. Calculate the remainder when z is divided by h.
11
Suppose 0 = -2*x - 3*d + 8, -5*x - 5*d + 16 = -14. What is the remainder when 26 is divided by x?
6
Suppose -q + 3*q = -4*t - 16, -2*t - 16 = -3*q. Suppose q*f - 77 = f. Suppose 4*w + 1 = f. What is the remainder when w is divided by 7?
5
Let j(l) be the second derivative of l**3/2 + 5*l**2/2 - 3*l. Let n = 9 - -3. What is the remainder when j(6) is divided by n?
11
Let a be -2 - 1 - (-13 - -6). Let v = 4 + 0. Suppose -r - 35 = -a*r - v*x, -67 = -3*r + 4*x. Calculate the remainder when 49 is divided by r.
15
Let g = 184 - 124. Suppose -h - 2*h = -g. Suppose -5*x + 2*x + 21 = 0. Calculate the remainder when h is divided by x.
6
Suppose 3*d + 5*y - 2 = 0, -4*d + 1 = -d + 4*y. Let f be (7 + 2)*d/(-3). Suppose -f*i + 60 = -51. Calculate the remainder when i is divided by 19.
18
Suppose -14 = -4*w - 3*p, 0 = -3*w + 2*w - p + 4. Suppose -40 = -w*s - 0. Calculate the remainder when 58 is divided by s.
18
Suppose 3*v = 4*f - 3*f + 158, -5*v - 4*f + 235 = 0. Calculate the remainder when v is divided by 150/8 + 33/(-44).
15
Let g(x) = 2*x**2 - 9*x - 8. Let c = 19 - 9. Calculate the remainder when g(7) is divided by c.
7
Calculate the remainder when 97 is divided by (-750)/(-20)*(-2)/(-3).
22
Suppose 0 = -2*j + 7*j - 250. What is the remainder when j is divided by 17?
16
Suppose -25 = 2*o 